Suppose 2*y + 96 = -4*y. Let n be g(y). Let w = n - 697. Is w composite?
True
Let y = -41 + -26. Let c = y + 226. Is c a composite number?
True
Let d be ((-2)/3)/(790/90 + -9). Suppose -3*b - 2*n + 1360 + 5629 = 0, -d*n = -12. Is b composite?
True
Suppose 2627237 = -30*d + 18559484 + 10038363. Is d a prime number?
True
Suppose -a = 2*a - 4*d - 1, 0 = -5*a + d - 4. Is a/(3 - (-25368)/(-8454)) a prime number?
True
Is (5/25)/(19/48475745) prime?
True
Let w(o) = 14*o**2 - 3*o - 2. Let a be w(-1). Is (-73405)/53*-41*3/a composite?
True
Suppose -15*l + 3341456 + 182749 = 0. Is l a composite number?
False
Let p = -77 + 81. Suppose k - 5483 = -n, -3*n + p*k - 6*k + 16451 = 0. Is n - 4*(0 - 4/(-8)) a prime number?
True
Suppose 4*f = 14589 + 6703. Is f a composite number?
False
Let l(h) = -h**2 + 4*h + 29. Let k be l(7). Is (-3)/(k + 1) - 50278/(-3) prime?
True
Suppose 0 = -22*y + 6*y. Is (0/(-17) - (y - 3302))/2 composite?
True
Suppose -2*r + 39470 = -2*p, -61*r + 2*p - 591986 = -91*r. Is r a prime number?
False
Let x(t) = 25*t**3 + 4*t - 3. Let y be x(1). Suppose y*b + 3 = 29*b. Suppose -b - 2 = -h, 2*z - 4*h = 782. Is z a composite number?
False
Let h(b) = -6*b**3 + 65*b + 3041. Is h(-40) composite?
True
Is -5 + 9 - (607482 + -6)/(-12) prime?
True
Suppose -5*w + 4*p = 9, -5 = w + 2*p - 6. Is w*(-6)/18*3831 a prime number?
True
Suppose 3*a - 4*o - 195 = 0, 58 = a + 6*o - 5*o. Suppose -a*d + 74*d - 286663 = 0. Is d composite?
False
Suppose 3*o + 30*b = 29*b + 1940267, 0 = 2*o + 8*b - 1293548. Is o a composite number?
True
Suppose 385442 = 2*p - 6*r, 12*r - 16*r = 3*p - 578215. Is p a prime number?
False
Suppose 2*u - 3*f - 3948 = -15447, 23007 = -4*u + 3*f. Let g = -3551 - u. Is g composite?
False
Let w(t) = 2*t**3 - 2*t**2 + t. Let v be w(1). Suppose 12*b - 934 = -658. Is ((-3766)/2 + v)*b/(-46) composite?
False
Let p(x) be the third derivative of -55*x**4/12 + 7*x**3/6 + x**2. Let u(f) = f - 2. Let r be u(-11). Is p(r) a prime number?
False
Let a(z) = -25*z**3 + 2*z - 4. Let w be a(-3). Let d(j) = j**3 + 16*j**2 + 13*j + 84. Let l be d(-14). Let t = w + l. Is t a prime number?
False
Let o be (36 + -1)/((-5)/(-5)). Let p = 38 - o. Suppose p*x - 87 = 24. Is x prime?
True
Let d = 6 + -4. Let x be 7/(-35) + 2*(-34867)/(-70). Suppose -d*i + x = -230. Is i prime?
True
Suppose 10966301 = -6*b + 39*b - 4859476. Is b a prime number?
True
Suppose -2*l = -u - 474, 60*l + 1185 = 65*l + 2*u. Suppose 0 = -246*g + l*g + 49149. Is g a prime number?
False
Is (((-70431)/(-2))/3)/((72/9)/16) a composite number?
True
Suppose 1488857 = 3*p - 2*n, 3*n = -4*p + 2*n + 1985128. Is p composite?
False
Let l(y) = 27*y**3 + y**2 - 4. Let b be l(4). Let n = b - 2635. Is (84/70)/((-2)/n) a prime number?
False
Let o be (5830/(-77))/((-2)/14). Let g be (-12 - -5)*o/(-7). Let z = g - 339. Is z composite?
False
Let n(z) be the first derivative of -5*z**2 + 8*z**2 + 7 - 3*z + 6*z + 4*z - 11*z**4. Is n(-2) composite?
False
Let n = -1 + 4. Suppose -f + 59 - 17 = 4*r, 4*r + 78 = n*f. Suppose f*u - 25*u = 8155. Is u prime?
False
Let i = -248512 - -550899. Is i a prime number?
False
Is (-143)/((-26)/2) + 42803 a prime number?
False
Suppose 5*m - 6 = 2*j, -14 = 69*m - 73*m - 3*j. Suppose -5*k + 1898 = m*z, -k - 1171 = -2*z + 751. Is z composite?
True
Suppose -75 - 1 = 4*c. Let t = c + 22. Suppose -t*v = 3*v - 1902. Is v a prime number?
True
Suppose 0 = 3*m + n - 3404653, 3*n - 1887970 = -4*m + 2651574. Is m composite?
False
Let q = 231198 - -67567. Is q prime?
False
Suppose -2*s = 2*r - 0 - 8, -4*s = -5*r + 56. Is (-102)/408 + 237770/r a prime number?
False
Suppose -d - 79*r + 13446 = -80*r, -r + 53759 = 4*d. Is d prime?
True
Let t be ((-1)/3)/(-1*4/(-36)). Let y(f) = 345*f**2 - 9*f + 5. Let x be y(t). Let a = x + -1294. Is a a prime number?
False
Let t(h) = -2*h**2 - 2*h. Let w be t(-1). Suppose w = -p - 1, -4305 = -4*x - 2*p - 951. Is x a composite number?
False
Is 2/18 + 344003276/2817 prime?
True
Let z be ((-102)/(-12))/(6/(-24)). Is (-17)/z*(-2444)/(-2) composite?
True
Suppose 4*s - 3*l = -4*l + 67, -3*s + 5*l + 33 = 0. Suppose -4*c + 8161 = f - 2897, 5*c - 3*f = 13814. Is (c/s*-2)/(1/(-2)) a prime number?
True
Suppose 32*d - 597 = 31*d + w, 0 = -2*d - 3*w + 1204. Let o = -285 - 49. Let c = o + d. Is c a composite number?
True
Suppose -1 - 10 = -g. Suppose -4 = -g*t + 10*t. Suppose -t*i - 921 = -7*i. Is i a composite number?
False
Let z(j) = 69*j**2 + j + 16. Let l be z(-10). Is 72/(-108)*l/(-4) composite?
False
Let t(y) = -y**3 + 4*y - 156. Let k be t(0). Let g = 901 - k. Is g prime?
False
Suppose -9982261 = -32*u - 1469525. Is u a prime number?
True
Suppose i - 43*d - 775109 = -41*d, -i + 775115 = -4*d. Is i prime?
False
Suppose 16828*a - 559407 = 16825*a. Is a composite?
False
Let c = 136074 + -66833. Is c a composite number?
True
Let b = 617 - 501. Suppose -2*z + 3*f + 58363 = 0, 58348 = b*z - 114*z + 2*f. Is z a composite number?
True
Suppose 5 = -2*u - d, -3*u - 2 - 7 = d. Is 2514/u*((-154)/(-33) - 6) a composite number?
True
Suppose 0*r - 29 = -2*r - o, 0 = -4*r + 5*o + 93. Suppose 15 = 8*m - r. Is ((3 - -1)/m)/1*113 composite?
False
Let u be (-3)/(12/(-14)) + (-3)/(-2). Suppose 3*i - 2*w + w - 9200 = 0, -6122 = -2*i - u*w. Suppose -6*b + 0*b = -i. Is b a composite number?
True
Suppose 4*h + 3*q + 5279 = 0, -3*q + q - 6597 = 5*h. Let d be -2 - 3/(3/h). Let n = -530 + d. Is n a prime number?
True
Is (36/9 - -63986) + 7 a composite number?
False
Let n = 212 + -205. Suppose 3124 = n*v - 705. Is v prime?
True
Let x be (-5 - (-213)/21)/((-6)/(-1281)). Let a = x - 451. Is a a composite number?
False
Suppose -29*l + 17628 = -23*l. Let u = -1541 + l. Is u composite?
True
Let g = 129 + -126. Suppose -g*v - 556 = -t, 6*v = 2*t + 3*v - 1097. Is t a prime number?
True
Suppose 2*l + 12234 = -2*w, l = 2*w + 3541 - 9655. Let q = l - -9201. Is q a prime number?
False
Let s = 148025 + 35735. Suppose 0 = -27*q + s - 53107. Is q a composite number?
True
Is (-10 - -79403) + 0*13/65 composite?
False
Is 15728 + (-1 - 7) + -17 a composite number?
True
Is -1*648371*5*((-204)/85)/12 a prime number?
True
Let k = -243450 + 350041. Is k a prime number?
True
Suppose 8*g = -371 + 275. Is (-4 - 1) + g/(-24)*5894 composite?
True
Suppose 4*u - 2*f = 72298 + 226648, 0 = -3*u - 4*f + 224193. Is u a prime number?
False
Let t(w) = 83*w**3 + 20*w**2 - 9*w - 15. Suppose 0 = -100*q + 78*q + 154. Is t(q) composite?
True
Let a = 51 + 3. Let c = 50 - a. Is ((-1)/(6/c))/(1/159) composite?
True
Suppose 8 = -3*a + 23. Suppose -5*o + 2*o + 976 = -a*g, 0 = 5*g + 25. Is o a prime number?
True
Suppose 32 = m + 3. Suppose -m*j + 35386 = -3*j. Is j a composite number?
False
Suppose 0 = -4*p - 4, 32*p = 3*n + 34*p - 1277335. Is n a composite number?
False
Let k be 4 + 18452/4 + 3. Suppose -6*m + k = -2064. Suppose -5*j = -3*j - m. Is j a composite number?
False
Let a be ((-10)/(-5) + 3*4)*1. Suppose -5*b + 5*z - a = 21, -12 = -3*z. Is -1 - 15/b - -483 a composite number?
False
Is -2*(-14 - -14 - ((-217886)/(-4))/1) a composite number?
False
Let m(k) = 458*k - 3. Suppose -4*r - 3*a + 29 = 0, r - 4*a - 13 = -4*r. Is m(r) prime?
True
Let k = 1 + -1. Suppose 0 = 31*y + 14364 - 60244. Suppose 7*t + t - y = k. Is t a composite number?
True
Let f(z) = z**2 - 2*z - 58. Let j be f(-7). Suppose 16 = 4*n, j*n = 3*s + s - 7384. Is s prime?
False
Suppose 0 = 137*k - 95*k - 522858. Is k a composite number?
True
Let q = -1 - -5. Suppose 5*t - 5 = 0, 5*v - 29061 = q*t - 5605. Suppose -9*o + v = 3*o. Is o a composite number?
True
Is (-12)/24*(-7472078 + (-6)/3 - -6) a composite number?
False
Suppose 0 = -4*d + 26 - 6. Let c = d - -3. Suppose 3*h - c*h = -3905. Is h a composite number?
True
Suppose 3*x - 67683 = 22*u, -5*x + 5*u + 150049 = 37149. Is x composite?
True
Let v(n) = n**2 - 48*n + 187. Let p be v(44). Let g(h) = 17 + 11*h + 38*h + 1. Is g(p) prime?
True
Let k = -43 - -60. Suppose 2341 = 4*s + 4*i + k, 0 = 4*s + i - 2330. Is s a prime number?
False
Let j(m) = m**3 - 21*m**2 + 18*m + 45. Let a be j(20). Suppose -9*y = -a*y - 16892. Is y a composite number?
True
Is (3412/10)/(5*(-24)/(-20100)) a prime number?
False
Let r be (-98)/1*(-2)/4. Let u = r - -12. Let o = 92 - u. Is o a prime number?
True
Let u = 7929 + -260. Is u composite?
Fa